d by 15.
11
Let g = -84 - -86. Suppose -6 = 3*s, 4*v - 196 = g*s + 2*s. Calculate the remainder when v is divided by 7.
5
Suppose 4*j + 212 = 2*o, 210 = o + o - 3*j. Let p = o + 0. Suppose -p = -3*z + z. What is the remainder when z is divided by 13?
12
Suppose -7*p = -14 - 77. What is the remainder when 37 is divided by p?
11
Let o(u) = 3*u**3 - 6*u**2 + u + 8. What is the remainder when o(6) is divided by 64?
62
Let c = -813 - -945. What is the remainder when 658 is divided by c?
130
Suppose 0 = 4*w - 0*w - 28. What is the remainder when w is divided by ((-19)/(-57))/((-2)/(-30))?
2
Let l = -283 - -315. Calculate the remainder when 47 is divided by l.
15
Suppose -g + 2*a + 126 = 0, -a = -3*g + 2*a + 375. Calculate the remainder when g is divided by 42.
40
Suppose 5*b + 3*p - 21 = 0, -3*b = 2*p - 0*p - 12. Suppose -i = -24 - 116. Calculate the remainder when (14/(-4))/((-35)/i) is divided by b.
2
Suppose -3*f + 70 = 5*s - 0*s, 5*s - 65 = -2*f. Suppose -s = 5*i - 561. Suppose -9*w - i = -14*w. Calculate the remainder when 64 is divided by w.
20
What is the remainder when 35 is divided by 45/(-45)*((-16)/(-1))/(-1)?
3
Suppose -150 = 5*j + 3*m, 0 = -2*j + 3*m - 6*m - 51. Let w = -21 - j. Calculate the remainder when 35 is divided by w.
11
Suppose 0*b - 3*v + 33 = b, b - 27 = 3*v. Let l = -59 - -57. Calculate the remainder when (-3 - l)*b/(-2) is divided by 9.
6
Suppose 4*w - 2*w - 4*o = 410, 2*o - 8 = 0. What is the remainder when w is divided by 43?
41
Suppose -7*n - 396 + 137 = 0. Let b = 47 + n. Calculate the remainder when 36 is divided by b.
6
Suppose 0 = -33*w + 287 + 802. Calculate the remainder when w is divided by 4.
1
What is the remainder when 419 is divided by (5412/15)/22 - 3/(-5)?
11
Suppose 18*v - 122 = 94. Let a(k) = k**3 + 4*k**2 - 2*k - 3. Calculate the remainder when v is divided by a(-4).
2
Let o(c) = 2*c**3 - 3*c**2 + c - 2. Let w be o(2). Suppose 0 = -2*p + 3*x + 51, -x + w*x = p - 30. Calculate the remainder when p is divided by 11.
10
Let t = 17 - 10. Let n(i) = 0 + 4*i + 3 - 15. Calculate the remainder when n(t) is divided by 9.
7
Suppose 0*m = 2*m - 94. Calculate the remainder when m is divided by 25.
22
Let f(s) = -s**2 - 15*s - 51. Let b(i) = 3*i**2 - 3*i. What is the remainder when b(2) is divided by f(-9)?
0
Let u(f) = -4*f + 205. Calculate the remainder when u(18) is divided by 39.
16
Let q = 213 + -215. Let n(b) = -2 + 4*b**2 - 2*b + 0*b - 2*b**2. What is the remainder when 29 is divided by n(q)?
9
Let c(b) = -b**2 + 8*b + 7. Let p be c(8). Suppose p*a - 120 = -a. What is the remainder when 41 is divided by a?
11
Let d be 0 + 11*(5 + -4). Let j(b) = -3*b - 7*b + b**2 + 2 + 4 + 0*b**2. What is the remainder when j(d) is divided by 10?
7
Let q = 59 + -47. What is the remainder when 16 is divided by ((-518)/q)/(-7) - 9/54?
4
Suppose b + 0*b - 6 = 0. Suppose -2*p = 4*l, -4*p = -b*p - l. Suppose 4*v - 6*v + 42 = p. What is the remainder when v is divided by 11?
10
Let g(b) = b + 1. Let u(t) = -7. Let l(q) = 2*g(q) - u(q). Let p be l(-8). Let f = 10 - p. Calculate the remainder when 49 is divided by f.
15
Suppose 16*m = 142 + 18. What is the remainder when 116 is divided by m?
6
Suppose 8 = 2*s - 2*i, -11*i = 5*s - 6*i - 60. Calculate the remainder when 6 - 3 - (0 - 27) is divided by s.
6
Let i(o) = -3*o**2 + 3*o - 2*o**2 - o**3 + 0*o**2 + 4. What is the remainder when 11/(110/(-128))*-5 is divided by i(-6)?
20
Let i(t) = -20*t + 8. Let a = 3 + -9. What is the remainder when i(-4) is divided by (-5)/(2/a*1)?
13
Let p be -2 + 0 + 4 + 2. Let q(v) = 2*v**3 - 6*v**2 + 3*v - 6. What is the remainder when q(p) is divided by 13?
12
Let w(u) = u**3 + 15*u**2 - 15*u + 30. What is the remainder when w(-16) is divided by 14?
0
What is the remainder when 88 is divided by ((-18)/8)/((54/(-192))/3)?
16
Let y(t) = 209*t**2 - 6*t - 2. What is the remainder when 213 is divided by y(-1)?
0
Suppose -109*j + 110*j = 137. Calculate the remainder when j is divided by 14.
11
Let d = -427 + 493. Calculate the remainder when d is divided by 14.
10
Let l = -288 + 305. Calculate the remainder when l is divided by 10.
7
Suppose 3 = -3*t - 3*y, -11*t + 13*t - 13 = 3*y. Suppose 0 = g + t - 92. Calculate the remainder when g is divided by 32.
26
What is the remainder when 59 is divided by (-46)/(-437) - (-756)/38?
19
Let h = 786 - 745. Calculate the remainder when 531 is divided by h.
39
Let z(t) = 18*t**3 - 4*t**2 + 7*t - 3. Let l = -14 + 24. Calculate the remainder when z(1) is divided by l.
8
Suppose 3*n = -0*n + 87. What is the remainder when n is divided by 18?
11
Suppose 5*g = -2*f, -2*g - 2*g + 5*f + 33 = 0. Suppose 0 = 3*w - 3*j - 66, 7*w - 80 = 3*w + g*j. What is the remainder when 51 is divided by w?
15
Let r be 2/10 - ((-1428)/20)/3. Suppose 6*t = 102 - r. What is the remainder when 34 is divided by t?
8
Let d(y) = -3*y + 6. Suppose 14 = -4*j - 10. Calculate the remainder when d(j) is divided by 4.
0
Let t = -818 + 835. What is the remainder when 81 is divided by t?
13
Let f = -1038 - -1047. Calculate the remainder when 16 is divided by f.
7
Calculate the remainder when 219 is divided by (2 - (3 + -8))*4.
23
Let p = 194 - 121. Calculate the remainder when p is divided by 62.
11
Suppose -2*g = 3*u - 177, -u - 2*g = u - 120. What is the remainder when 154 is divided by u?
40
Let q(o) = 5*o**2 + 58*o - 54. What is the remainder when q(-14) is divided by 15?
9
Let r be 3/(-18) - 13/(-6). Suppose 5*m - 840 = -5*z, -4*z + 83 = -r*m + 443. Calculate the remainder when m is divided by 29.
27
Let m = 19 - 29. Let z = m + 18. Calculate the remainder when z is divided by 3.
2
Let f(i) = -42*i + 148. Let v be f(3). Suppose -4*l + 2 + 38 = 0. Suppose -v = -l*n + 9*n. Calculate the remainder when 86 is divided by n.
20
Calculate the remainder when 277 is divided by (-3304)/(-35) - 3/(-5).
87
Suppose 11 = 4*t - 13. Calculate the remainder when t is divided by 3.
0
Suppose -179*z + 5*m = -182*z + 194, 5*z + 5*m - 320 = 0. What is the remainder when 229 is divided by z?
40
Let y(b) = -b**2 - 6*b + 6. Let h(l) = 14*l + 1. What is the remainder when h(4) is divided by y(-3)?
12
Let s(k) = -44*k + 71. Let g(t) = -t**2 + 11*t + 6. Calculate the remainder when s(0) is divided by g(6).
35
Suppose -3*r - 332 = 2*i, -i + 549 = r - 6*r. Suppose 4*u - 100 = -4*n, 0 = 5*u + 8 + 7. Calculate the remainder when 0 - r/(1 - 0) is divided by n.
26
Suppose -600*q = -606*q + 120. What is the remainder when q is divided by 20?
0
Let m be (2/(-4))/((-3)/6). Suppose -v + 3 = -m. Suppose 0 = 3*u - 34 + v. Calculate the remainder when u is divided by 4.
2
Let r(i) = -i**2 - 43*i - 179. Calculate the remainder when 83 is divided by r(-37).
40
Let m = -17 - -35. Let n(f) = -19*f + 52. Calculate the remainder when m is divided by n(2).
4
Suppose 2*q = -0*q + 8. Suppose -5*k + 5*p = -65, 7*k - 46 = 4*k - q*p. Calculate the remainder when 110 is divided by k.
12
Suppose 0 = 3*m + 19 + 26. Let g = m + 15. Suppose -4*w - 8 + 16 = g. What is the remainder when 2 is divided by w?
0
Let h(s) be the first derivative of -s**3/3 - 9*s**2/2 - 5*s + 5. Let m be h(-8). Suppose -4*p + 17 = -m*p. What is the remainder when p is divided by 9?
8
Let p = 90 - 33. What is the remainder when p is divided by 29?
28
Let j(f) = -f + 14. Let i be j(9). Suppose 4*y - 115 = i*d, -y + 1 = -3*d - 19. What is the remainder when y is divided by 13?
9
Let n(w) = 30*w + 42. Calculate the remainder when n(3) is divided by 14.
6
Suppose 100 + 776 = 12*i. Calculate the remainder when i is divided by 11.
7
Suppose -137 = -3*d + y + 39, -4*y = 2*d - 94. What is the remainder when d is divided by 17?
6
Suppose 5*m - 3*m - 244 = 0. Suppose -3*w = -4*y - m, -6*y + 2*y = -5*w + 190. Suppose -2*v = -3*v + w. Calculate the remainder when v is divided by 12.
10
Suppose 6*l = 3*l + 9. Suppose -8 = 3*f - 4*b, -l*f + 2*b - 16 = 6*b. Calculate the remainder when ((-12)/(-4))/(f/(-124)) is divided by 24.
21
Let v(z) = 2*z**2 + 4*z - 1. Let j be v(-4). What is the remainder when (-9)/(-15) + 756/j is divided by 27?
24
Suppose -m - 4*u = -15, -2*m - 4 = -6*m - 2*u. Let j be 87 + m*(1 - -2). Let z = 120 - j. Calculate the remainder when z is divided by 19.
17
Let d(g) = -g**2 - 13*g - 15. Let b(v) = -7*v + 1. Let h be b(1). Cal